0213
In base 3, what is -1 + 10122100220021?
10122100220020
In base 2, what is -10010001111100100000001110 + -10?
-10010001111100100000010000
In base 16, what is -eee - -ddba?
cecc
In base 9, what is -5564374 + 16?
-5564357
In base 6, what is 431 - 4023003?
-4022132
In base 13, what is -1455c90 - -3b?
-1455c52
In base 9, what is 36640173 - -8?
36640182
In base 11, what is 113a - -27a6?
3935
In base 11, what is 0 - 4245a39?
-4245a39
In base 12, what is 4 - -1248562?
1248566
In base 16, what is -2 - -17e1dc?
17e1da
In base 13, what is 1 - 3b244980?
-3b24497c
In base 6, what is -13 - 2351005?
-2351022
In base 13, what is -6a + -13295?
-13332
In base 12, what is -1 - 2a192a47?
-2a192a48
In base 10, what is 248366 - 11?
248355
In base 11, what is -8 + -254380?
-254388
In base 7, what is -5 + -23306323?
-23306331
In base 2, what is -1001000011010010011001 - -10101?
-1001000011010010000100
In base 3, what is -11 + -12121110212020?
-12121110212101
In base 7, what is 106642145 + 330?
106642505
In base 6, what is -31 + -102302150?
-102302221
In base 10, what is 1583 + 234631?
236214
In base 8, what is -4 + 10056664?
10056660
In base 2, what is 10 + 101001001011111000101?
101001001011111000111
In base 8, what is 22630 - -35613?
60443
In base 6, what is 4 - -111443001?
111443005
In base 6, what is -10 + 1254132551?
1254132541
In base 3, what is 111202202111012 - -1012?
111202202112101
In base 11, what is 8 + -330801?
-3307a4
In base 2, what is 10110101001001000 + 1001?
10110101001010001
In base 8, what is 351 + -13673?
-13322
In base 14, what is -2b727ca - 4?
-2b727d0
In base 8, what is 0 - -42352111?
42352111
In base 16, what is ad49c1 - -1?
ad49c2
In base 11, what is 87065 - -8a?
87144
In base 8, what is 1610332140 + -3?
1610332135
In base 11, what is 860281269 + -3?
860281266
In base 14, what is 230142 + -60?
2300c2
In base 10, what is -385284 - -9?
-385275
In base 11, what is -9 - 103159a?
-10315a8
In base 8, what is -55044 - 6126?
-63172
In base 15, what is -61 - -a617?
a5a6
In base 3, what is 20002101200122 + 120?
20002101201012
In base 11, what is 21 - -660a53?
660a74
In base 12, what is -10245 + 2ba?
-bb47
In base 4, what is 10133020 + 213213?
11012233
In base 7, what is 16322026 - -266?
16322325
In base 13, what is 3535b3b9 + 1?
3535b3ba
In base 12, what is -1b28b744 + 5?
-1b28b73b
In base 9, what is 13 - 542256?
-542243
In base 9, what is -2082 + 306760?
304667
In base 4, what is 100320321 - -1302?
100322223
In base 8, what is 2512425 + -26?
2512377
In base 6, what is -20 - -11334023?
11334003
In base 3, what is 222120020102212 + 1?
222120020102220
In base 6, what is -1431415531 + -5?
-1431415540
In base 9, what is -5 + 3715386?
3715381
In base 8, what is 136411 - -264?
136675
In base 13, what is 5 + -7b43b85?
-7b43b80
In base 12, what is 5467a5 - 5ab?
5461b6
In base 4, what is 1332003 + 1013222?
3011231
In base 7, what is -20335 + 336?
-16666
In base 13, what is -7c856 - 180?
-7ca06
In base 6, what is 554444 + -3132?
551312
In base 8, what is -26 + 213236?
213210
In base 2, what is 100 - -10000100101111111100001110001?
10000100101111111100001110101
In base 10, what is 2 + -6662501?
-6662499
In base 3, what is 111121211111122221 - 21?
111121211111122200
In base 4, what is -112 + 122030332211?
122030332033
In base 10, what is -5830 + -1994?
-7824
In base 15, what is 96d05 + 43?
96d48
In base 16, what is 13 + -3e7d28?
-3e7d15
In base 10, what is 2 - -60671041?
60671043
In base 6, what is 1 - 4250134440?
-4250134435
In base 8, what is 1137206 + -4?
1137202
In base 10, what is -6338226 + 2?
-6338224
In base 8, what is 2 + -31200070?
-31200066
In base 13, what is -32bc + -4171?
-7460
In base 7, what is 3302 - -25050?
31352
In base 10, what is 5359 + 62899?
68258
In base 16, what is 0 + 3edc291?
3edc291
In base 15, what is 4c5d - 2240?
2a1d
In base 15, what is 3d2d606 - 8?
3d2d5ed
In base 15, what is 634786b2 + 4?
634786b6
In base 16, what is 2 - -54c889?
54c88b
In base 12, what is -63 - 11a3a6a?
-11a3b11
In base 10, what is -1 + -6010546?
-6010547
In base 10, what is 3 + 7504393?
7504396
In base 15, what is -46c8e6 - -5?
-46c8e1
In base 3, what is -1112122 + -12110200?
-21000022
In base 12, what is -35 - -125582?
125549
In base 5, what is -11011014 - -110344?
-10400120
In base 11, what is 536a596 - -5?
536a5a0
In base 4, what is -2031120 + -3011200?
-11102320
In base 12, what is -28b1 - -38415?
35724
In base 16, what is 5 + -11f46?
-11f41
In base 9, what is -1126378 - -12?
-1126366
In base 15, what is -1a66 - 84a?
-23b1
In base 6, what is 434400103 + -5?
434400054
In base 7, what is 116 - 5110336?
-5110220
In base 2, what is 1 + -10000111110111011101011?
-10000111110111011101010
In base 5, what is -304412301 - 0?
-304412301
In base 11, what is 207 + 6512?
6719
In base 9, what is -188 + -66672?
-66871
In base 16, what is a00f4 - -2c?
a0120
In base 12, what is 65646b18 - 0?
65646b18
In base 2, what is 1000011111110001 - 1001111110101?
111001111111100
In base 15, what is 5e3 + 8?
5eb
In base 16, what is -49c59 + 2?
-49c57
In base 3, what is 112201122010122 + -11?
112201122010111
In base 11, what is -4550417 + -3?
-455041a
In base 12, what is -1359 - 33471?
-3480a
In base 14, what is d4092 - 34?
d405c
In base 3, what is -10210102010111 + -2?
-10210102010120
In base 6, what is 242 - 101151011?
-101150325
In base 2, what is 11001100011011010000 - 1100?
11001100011011000100
In base 3, what is -12 + -10002111010222?
-10002111011011
In base 4, what is 32 - -1003000030?
1003000122
In base 3, what is 1102 - 102222010222?
-102222002120
In base 3, what is -220020111 + 2010102?
-211010002
In base 7, what is -6036322 - -65?
-6036224
In base 16, what is -a + 3083f0?
3083e6
In base 16, what is -22fc4a3 - -3?
-22fc4a0
In base 10, what is -8 - 4259320?
-4259328
In base 5, what is 433 - -102431432?
102432420
In base 7, what is -4 - -3241406?
3241402
In base 7, what is -10 + 61231610?
61231600
In base 5, what is 134432 + 41103?
231040
In base 14, what is -cab357b - 2?
-cab357d
In base 8, what is -12 - -50425564?
50425552
In base 4, what is -1311131301031303 + 1?
-1311131301031302
In base 14, what is c132 + -962?
b5b0
In base 11, what is -26649 - -294a?
-237aa
In base 15, what is -1737aa6 - -3?
-1737aa3
In base 2, what is -1 + 100010010101101000111010000?
100010010101101000111001111
In base 10, what is -4400 + 2201?
-2199
In base 3, what is -1001011121011010 - 12?
-1001011121011022
In base 3, what is 11212102201221 - 12?
11212102201202
In base 15, what is -9c36958 - 0?
-9c36958
In base 10, what is -2699 - 1?
-2700
In base 9, what is -16884 + -242?
-17236
In base 4, what is -323331 + -12133131?
-13123122
In base 6, what is -3103 + 350153?
343050
In base 16, what is -3b8 + -1ff9f?
-20357
In base 10, what is -30944867 - 2?
-30944869
In base 16, what is -13ec2b + -14?
-13ec3f
In base 6, what is 115 - -3424020?
3424135
In base 13, what is -611 + -1645?
-1c56
In base 16, what is d5b7d + 108?
d5c85
In base 12, what is -510b68 + -28?
-510b94
In base 7, what is -26 - -4514223?
4514164
In base 10, what is -1933407 + -2?
-1933409
In base 10, what is 485 - 5517?
-5032
In base 16, what is -12279 + -2?
-1227b
In base 7, what is 1 + -265236435?
-265236434
In base 11, what is 2a3892 + 82?
2a3964
In base 6, what is -110213151 - 0?
-110213151
In base 16, what is 4 + afc929?
afc92d
In base 4, what is -232321 + -1133030?
-2032011
In base 12, what is -1 - -2609119?
2609118
In base 10, what is 106 - 1425208?
-1425102
In base 16, what is 8e7fd + -25?
8e7d8
In base 3, what is -2110102 + 1201212101?
1122101222
In base 16, what is 29 + -119c6?
-1199d
In base 2, what is -1101110110011100110110101 + 100?
-1101110110011100110110001
In base 3, what is 101202002000 - 101121?
101201200102
In base 9, what is 42320285 + 8?
42320304
In base 10, what is 1452 - -24752?
26204
In base 7, what is -46 + 2605340?
2605261
In base 2, what is -10001100000000100 - -1100000?
-10001011110100100
In base 11, what is -54a381 + -434?
-54a805
In base 5, what is 2332041 + -3202?
2323334
In base 16, what is 2a - -17a83d4?
17a83fe
In base 7, what is 3512154 + 222?
3512406
In base 6, what is -15024 + -124244?
-143312
In base 7, what is -12340110 - -613?
-12336164
In base 11, what is -331aa1 - -5?
-331a97
In base 12, what i